the greatest common divisor of 207760 and 206045.
245
What is the greatest common factor of 621025 and 1675?
25
What is the highest common factor of 9073 and 3349270?
43
Calculate the greatest common factor of 123971898 and 4122.
1374
What is the greatest common divisor of 868 and 75656?
28
Calculate the highest common divisor of 40683050 and 153825.
7325
What is the highest common divisor of 1403740 and 260?
260
Calculate the highest common factor of 3717729 and 27.
9
What is the greatest common divisor of 2413 and 826139?
19
Calculate the highest common divisor of 163776 and 27696.
48
Calculate the greatest common divisor of 11591728 and 12336.
4112
Calculate the greatest common divisor of 18393750 and 270.
270
What is the greatest common divisor of 12348 and 93924?
36
What is the highest common factor of 2596024 and 72?
8
Calculate the highest common factor of 14540 and 37566998.
1454
Calculate the greatest common divisor of 59791842 and 99.
99
What is the greatest common factor of 292892676 and 1596?
228
What is the greatest common divisor of 606 and 1741632486?
606
What is the highest common factor of 6299531 and 2928?
61
Calculate the highest common factor of 476 and 648256.
28
Calculate the greatest common factor of 248669 and 27262.
43
Calculate the highest common factor of 740484 and 2281752.
2412
What is the greatest common divisor of 165 and 32915355?
165
What is the highest common divisor of 10678 and 20340747?
281
Calculate the highest common factor of 60 and 16477940.
20
Calculate the highest common factor of 27148 and 754.
2
What is the greatest common factor of 110474 and 4654?
26
Calculate the greatest common divisor of 260172 and 42020.
44
Calculate the highest common factor of 61456 and 51152.
368
Calculate the greatest common divisor of 22109355 and 36.
9
What is the highest common factor of 340 and 1419772?
68
What is the greatest common divisor of 20455236 and 72?
36
Calculate the greatest common divisor of 31463872 and 272.
272
Calculate the highest common factor of 58136 and 113737.
169
What is the greatest common divisor of 184032 and 500256?
2592
What is the highest common factor of 77103 and 40573?
13
What is the highest common divisor of 23550 and 2480286?
942
What is the highest common factor of 656 and 385683720?
328
Calculate the highest common factor of 76363545 and 75.
15
What is the greatest common factor of 8764848 and 24?
24
What is the highest common divisor of 110 and 32141945?
55
What is the highest common factor of 9 and 30197169?
9
What is the greatest common divisor of 419896 and 75336?
584
Calculate the greatest common divisor of 3548 and 148684.
4
Calculate the highest common divisor of 657 and 672471.
9
What is the greatest common factor of 699814962 and 14553?
4851
What is the highest common factor of 389820 and 30101580?
5340
Calculate the highest common divisor of 757383 and 271911.
1167
What is the greatest common divisor of 173132 and 332?
4
What is the highest common factor of 1422 and 306733221?
711
Calculate the greatest common divisor of 28954533 and 20775.
831
What is the greatest common factor of 6418732 and 95?
19
What is the greatest common factor of 506 and 18258366?
46
What is the greatest common factor of 1405615 and 365?
365
Calculate the highest common divisor of 149098060 and 20.
20
What is the highest common divisor of 570289 and 427?
61
Calculate the highest common divisor of 1805 and 1656155.
5
What is the greatest common factor of 13022 and 9822418?
766
Calculate the highest common factor of 177445 and 34730.
115
Calculate the greatest common factor of 140693 and 80595.
199
What is the greatest common factor of 510 and 824490?
30
Calculate the highest common factor of 567086 and 5236.
34
Calculate the greatest common divisor of 3388 and 606683.
77
Calculate the highest common factor of 55538 and 2884009.
3967
Calculate the greatest common factor of 280 and 6673660.
140
Calculate the greatest common divisor of 3811 and 30193832.
103
Calculate the greatest common divisor of 27 and 88951680.
9
What is the greatest common divisor of 295 and 12540568?
59
What is the highest common factor of 169395 and 6312120?
345
What is the highest common divisor of 4760 and 11475?
85
Calculate the greatest common divisor of 4093633 and 268.
67
Calculate the highest common divisor of 2263993 and 12807.
1423
What is the greatest common factor of 9050 and 1443194450?
9050
Calculate the highest common factor of 99849 and 1213875.
249
Calculate the highest common factor of 44432910 and 108.
18
Calculate the greatest common divisor of 126 and 123072426.
18
Calculate the greatest common divisor of 1019313 and 4509.
9
What is the highest common factor of 1471 and 191522729?
1471
Calculate the greatest common factor of 6714324 and 144.
36
What is the greatest common factor of 610 and 2992090?
10
What is the highest common divisor of 1936 and 411998224?
1936
Calculate the greatest common divisor of 1064 and 535318.
14
What is the greatest common factor of 1184 and 25447416?
296
What is the greatest common divisor of 44595632 and 400?
16
Calculate the greatest common factor of 47559 and 111054.
249
Calculate the greatest common divisor of 212291 and 3956.
43
Calculate the highest common factor of 35231 and 2078678.
49
What is the greatest common divisor of 95130 and 8391523?
1057
What is the greatest common divisor of 84641 and 7367?
53
Calculate the greatest common factor of 503837515 and 48040.
6005
What is the greatest common divisor of 1035 and 1819063215?
1035
Calculate the greatest common divisor of 207776790 and 585.
585
What is the greatest common factor of 888869003 and 22?
11
What is the highest common factor of 298 and 241176913?
149
Calculate the greatest common divisor of 40 and 232264.
8
Calculate the highest common divisor of 2969024 and 8832.
1472
What is the greatest common factor of 251699 and 25543?
287
Calculate the highest common factor of 3486760 and 3355.
305
What is the greatest common divisor of 2473973 and 1090?
109
Calculate the greatest common divisor of 4535 and 4983339170.
4535
Calculate the greatest common factor of 673233 and 2013.
33
What is the greatest common factor of 4015 and 1816265?
55
Calculate the highest common divisor of 360 and 5444640.
360
What is the highest common factor of 350130 and 120?
30
What is the greatest common factor of 135 and 244631070?
135
Calculate the greatest common divisor of 319344080 and 10.
10
Calculate the highest common factor of 596629 and 908689.
743
Calculate the highest common divisor of 759315 and 346629.
681
Calculate the highest common factor of 50710 and 647705.
2305
Calculate the greatest common factor of 27780 and 85740192.
5556
Calculate the highest common divisor of 600849 and 3365118.
909
Calculate the highest common divisor of 1061390664 and 36.
36
What is the greatest common divisor of 688700 and 3917425?
1775
Calculate the highest common factor of 83420 and 730.
10
Calculate the highest common factor of 245 and 5732951.
49
Calculate the greatest common factor of 418665 and 7163.
247
Calculate the highest common divisor of 6328518 and 110558.
742
Calculate the greatest common divisor of 2275688 and 4988.
116
What is the greatest common factor of 675256803 and 78?
39
Calculate the greatest common divisor of 190 and 111707878.
38
What is the greatest common divisor of 72 and 6332247?
9
Calculate the greatest common divisor of 8873 and 35150623.
467
Calculate the highest common divisor of 8556 and 1311207.
2139
Calculate the greatest common factor of 6 and 69972906.
6
Calculate the highest common factor of 3894 and 34188022.
1298
Calculate the highest common factor of 3499423 and 3141.
349
What is the highest common factor of 1710 and 209285760?
570
What is the greatest common divisor of 198 and 79146782?
22
Calculate the highest common divisor of 49370238 and 19512.
4878
What is the highest common factor of 1055519698 and 106?
106
What is the greatest common factor of 146880 and 195160?
680
Calculate the highest common factor of 5704 and 31974485.
713
Calculate the highest common factor of 84665 and 88355.
205
Calculate the greatest common factor of 556110950 and 50.
50
What is the greatest common factor of 184 and 62274